{"id":44,"date":"2024-04-26T16:30:25","date_gmt":"2024-04-26T14:30:25","guid":{"rendered":"https:\/\/aheredil.com\/?page_id=44"},"modified":"2024-04-26T16:30:25","modified_gmt":"2024-04-26T14:30:25","slug":"evenements","status":"publish","type":"page","link":"https:\/\/aheredil.com\/index.php\/evenements\/","title":{"rendered":"Ev\u00e8nements"},"content":{"rendered":"\n<p>Les diff\u00e9rents \u00e9v\u00e8nements de l&#8217;Association AHEREDIL: <\/p>\n\n\n\n<ul class=\"wp-block-list\">\n<li>Artiste Alice Flore MVOUMBI<\/li>\n<\/ul>\n","protected":false},"excerpt":{"rendered":"<p>Les diff\u00e9rents \u00e9v\u00e8nements de l&#8217;Association AHEREDIL:<\/p>\n","protected":false},"author":3,"featured_media":0,"parent":0,"menu_order":0,"comment_status":"closed","ping_status":"closed","template":"","meta":{"footnotes":""},"class_list":["post-44","page","type-page","status-publish","hentry","et-post-article","et-default-post-layout"],"_links":{"self":[{"href":"https:\/\/aheredil.com\/index.php\/wp-json\/wp\/v2\/pages\/44","targetHints":{"allow":["GET"]}}],"collection":[{"href":"https:\/\/aheredil.com\/index.php\/wp-json\/wp\/v2\/pages"}],"about":[{"href":"https:\/\/aheredil.com\/index.php\/wp-json\/wp\/v2\/types\/page"}],"author":[{"embeddable":true,"href":"https:\/\/aheredil.com\/index.php\/wp-json\/wp\/v2\/users\/3"}],"replies":[{"embeddable":true,"href":"https:\/\/aheredil.com\/index.php\/wp-json\/wp\/v2\/comments?post=44"}],"version-history":[{"count":2,"href":"https:\/\/aheredil.com\/index.php\/wp-json\/wp\/v2\/pages\/44\/revisions"}],"predecessor-version":[{"id":48,"href":"https:\/\/aheredil.com\/index.php\/wp-json\/wp\/v2\/pages\/44\/revisions\/48"}],"wp:attachment":[{"href":"https:\/\/aheredil.com\/index.php\/wp-json\/wp\/v2\/media?parent=44"}],"curies":[{"name":"wp","href":"https:\/\/api.w.org\/{rel}","templated":true}]}}